{"version":"1.0","provider_name":"Col\u00b7legi Claret","provider_url":"https:\/\/claretsabadell.cat\/es\/","author_name":"caparicio","author_url":"https:\/\/claretsabadell.cat\/es\/author\/caparicio\/","title":"Cantata de l'Aplec - Col\u00b7legi Claret","type":"rich","width":600,"height":338,"html":"<blockquote class=\"wp-embedded-content\" data-secret=\"3Z9oDRnRtq\"><a href=\"https:\/\/claretsabadell.cat\/es\/cantata-de-laplec\/\">Cantata de l&#8217;Aplec<\/a><\/blockquote><iframe sandbox=\"allow-scripts\" security=\"restricted\" src=\"https:\/\/claretsabadell.cat\/es\/cantata-de-laplec\/embed\/#?secret=3Z9oDRnRtq\" width=\"600\" height=\"338\" title=\"\u00abCantata de l&#8217;Aplec\u00bb \u2014 Col\u00b7legi Claret\" data-secret=\"3Z9oDRnRtq\" frameborder=\"0\" marginwidth=\"0\" marginheight=\"0\" scrolling=\"no\" class=\"wp-embedded-content\"><\/iframe><script>\n\/*! This file is auto-generated *\/\n!function(d,l){\"use strict\";l.querySelector&&d.addEventListener&&\"undefined\"!=typeof URL&&(d.wp=d.wp||{},d.wp.receiveEmbedMessage||(d.wp.receiveEmbedMessage=function(e){var t=e.data;if((t||t.secret||t.message||t.value)&&!\/[^a-zA-Z0-9]\/.test(t.secret)){for(var s,r,n,a=l.querySelectorAll('iframe[data-secret=\"'+t.secret+'\"]'),o=l.querySelectorAll('blockquote[data-secret=\"'+t.secret+'\"]'),c=new RegExp(\"^https?:$\",\"i\"),i=0;i<o.length;i++)o[i].style.display=\"none\";for(i=0;i<a.length;i++)s=a[i],e.source===s.contentWindow&&(s.removeAttribute(\"style\"),\"height\"===t.message?(1e3<(r=parseInt(t.value,10))?r=1e3:~~r<200&&(r=200),s.height=r):\"link\"===t.message&&(r=new URL(s.getAttribute(\"src\")),n=new URL(t.value),c.test(n.protocol))&&n.host===r.host&&l.activeElement===s&&(d.top.location.href=t.value))}},d.addEventListener(\"message\",d.wp.receiveEmbedMessage,!1),l.addEventListener(\"DOMContentLoaded\",function(){for(var e,t,s=l.querySelectorAll(\"iframe.wp-embedded-content\"),r=0;r<s.length;r++)(t=(e=s[r]).getAttribute(\"data-secret\"))||(t=Math.random().toString(36).substring(2,12),e.src+=\"#?secret=\"+t,e.setAttribute(\"data-secret\",t)),e.contentWindow.postMessage({message:\"ready\",secret:t},\"*\")},!1)))}(window,document);\n\/\/# sourceURL=https:\/\/claretsabadell.cat\/wp-includes\/js\/wp-embed.min.js\n<\/script>\n","description":"Com \u00e9s tradici\u00f3, un dels actes que d\u00f3na inici a les festes de l&#8217;Aplec de la Salut \u00e9s la trobada de corals infantils al teatre de la Far\u00e0ndula. La nostra escola, com cada any, participa en aquest esdeveniment musical. Enguany s&#8217;ha celebrat la XXXV edici\u00f3. El dijous, 5 de maig, els nostres alumnes de 2n [&hellip;]","thumbnail_url":"https:\/\/claretsabadell.cat\/wp-content\/uploads\/2016\/05\/IMG-20160506-WA00022-300x168.jpg"}

Com és tradició, un dels actes que dóna inici a les festes de l&#8217;Aplec de la Salut és la trobada de corals infantils al teatre de la Faràndula. La nostra escola, com cada any, participa en aquest esdeveniment musical. Enguany s&#8217;ha celebrat la XXXV edició. El dijous, 5 de maig, els nostres alumnes de 2n [&hellip;]
